mon divisor of y and k?
19
Suppose -68*v + 62*v + 90 = 0. Calculate the greatest common divisor of v and 6.
3
Suppose 16 = -m - 4*s, -s + 1 = -m - 2*s. Suppose -3*y = -34 + m. Calculate the highest common factor of 25 and y.
5
Let b be (-12)/(2*3/(-15)). Let p be 3*(-12)/9*-3. Calculate the highest common factor of b and p.
6
Suppose 6 = -5*z - 5*m + 1, 3*z + m - 7 = 0. Suppose -2*n - 2*k + 9 + 17 = 0, z*k + 53 = 3*n. What is the highest common factor of 5 and n?
5
Let j = -18 - -31. Let o = -225 + 316. Calculate the greatest common factor of o and j.
13
Let k = 2 + 3. Let z = k - -65. What is the greatest common divisor of 28 and z?
14
Let k = 33 - -5. Calculate the highest common divisor of 19 and k.
19
Let v(n) = -n**2 - 8*n. Let h be v(-7). Let o be (-120)/(-9)*(-45)/(-2). Suppose -4*t - 48 = -o. What is the highest common factor of h and t?
7
Let p be ((-110)/4)/(-5)*2. Suppose -5*f + 1 = -9. Suppose -f*c = -0*c - 22. What is the greatest common divisor of c and p?
11
Let d = 4 + 1. Suppose 0 = -0*w + d*w - 15. Suppose k - w*o - 59 = 0, 4*k - 4*o = -66 + 318. Calculate the greatest common divisor of 13 and k.
13
Suppose 6 + 210 = 12*a. What is the greatest common divisor of 2 and a?
2
Let y = -9 + 50. Suppose 65 = 3*f + 2*g + 3*g, -3*f + y = -g. What is the greatest common factor of 5 and f?
5
Suppose 24 = -d + 4*d. Suppose 80 = 2*s + b, -5*s + s - b = -160. Calculate the highest common factor of d and s.
8
Let k(w) = -w**3 + 10*w**2 + 14*w - 15. Let z be k(11). Calculate the greatest common factor of z and 72.
18
Let g = -15 + 19. Let k(l) = l - 4. Let d be k(6). Calculate the greatest common factor of g and d.
2
Let t be (2/3)/((-1)/(-75)). Let g be (2/(-5))/(1/(-5)) + 8. What is the highest common divisor of g and t?
10
Suppose 5*k - 116 = -2*i + k, 3*i = 3*k + 165. Calculate the greatest common factor of i and 7.
7
Suppose -6*d = -2*d - 100. Calculate the greatest common divisor of 5 and d.
5
Let x = -3 - -8. Suppose 2*o + k = 18, -x*k = 4*o - o - 41. What is the highest common factor of o and 7?
7
Suppose 4*x = -k + 2 + 5, 5*k = x + 14. Let h be 22/10 + (-3)/15. Suppose 0 = -0*o - h*o + 42. What is the greatest common factor of k and o?
3
Let t = -15 + 0. Let d(c) = c + 18. Let b be d(t). Calculate the greatest common divisor of b and 1.
1
Let p = -50 - -58. What is the greatest common divisor of p and 2?
2
Suppose -c + 29 = 2*k + k, -k + 15 = 3*c. Suppose -k = 2*n - 3*n. Suppose -2*q + i = 5*i - 186, -3*q + 300 = -i. What is the highest common divisor of n and q?
9
Suppose 2*y - 5*y + 5*i + 48 = 0, -5*y = i - 108. What is the greatest common divisor of 14 and y?
7
Suppose -3*b + 4*b = 0, 0 = -z + b + 9. Let c = z - -3. Let x be ((-40)/c)/((-1)/3). What is the highest common divisor of 20 and x?
10
Suppose 4*u - u - 4*r = 20, 0 = -5*u - 5*r + 80. Calculate the greatest common factor of 12 and u.
12
Let l be (-2 - -8)/(-2) - -57. What is the highest common divisor of 6 and l?
6
Let r be 32/(-14) - (-2)/7. Let m be r/(-2) + 2 + 105. Suppose 0*l + 3*l = m. What is the greatest common divisor of 54 and l?
18
Let s = -56 - -121. What is the greatest common factor of s and 13?
13
Let o(v) = v**3 + 4*v**2 - 6*v - 3. Let u be o(-5). Let m = 11 + -7. Let z be (m/(-12))/((-3)/18). What is the greatest common factor of u and z?
2
Let p(l) = l**3 + 12*l**2 + 3*l - 13. Let j be p(-11). Calculate the highest common divisor of 15 and j.
15
Let g(z) = -23*z + 4. Let o be g(-4). Let m(r) = 6*r. Let f be m(2). What is the greatest common factor of o and f?
12
Let v(t) = -5*t + 7. Let p(a) = -2 + 1 - 7 + 7*a - a. Let k(b) = 3*p(b) + 4*v(b). Let u be k(-4). Calculate the highest common factor of 4 and u.
4
Let s(f) = 2*f**2 + 6. Let b = -23 + 26. Let u be s(b). What is the highest common factor of u and 12?
12
Suppose 344 = 3*h + c, 2*c = 2*h + c - 231. Let g = 0 + -79. Let a = g + h. Calculate the highest common divisor of a and 12.
12
Let y = 17 + 7. Suppose -b = 3*b + 224. Let z = -40 - b. Calculate the highest common divisor of z and y.
8
Let r(q) = q**2 - 6*q + 2. Let v be r(6). Suppose 0*f + v*f = 154. Calculate the highest common factor of 7 and f.
7
Let n be 4/10 + (-236)/(-10). Suppose -4*s = s - 15. Suppose -s*y + n = -2*y. Calculate the highest common divisor of y and 12.
12
Let z(w) = w**3 - 12*w**2 + 14*w + 9. Let g be z(11). Suppose x - 28 = -0*x - 3*n, -4*x = -2*n - g. What is the highest common factor of 143 and x?
13
Let g be (-2)/5 - (-597)/5. Suppose 0 = -d - s + 21, 0 = -0*d - 4*d + s + 64. Calculate the greatest common factor of g and d.
17
Let d(m) = m**3 + 12*m**2 + 9*m - 10. Let l be d(-11). Let z = -12 + 2. Let h be -30*((-176)/z)/(-4). Calculate the highest common factor of l and h.
12
Let p = 16 - -6. Let k = -73 - -137. Suppose 2*g + 3*a - p = 0, 5*g = -2*a - a + k. Calculate the highest common factor of 14 and g.
14
Let u = 0 + 23. Let q = -5 + u. Calculate the greatest common factor of q and 2.
2
Let b be ((11/(-3))/(5/(-120)))/1. Calculate the greatest common factor of 11 and b.
11
Let f be ((-49)/(-21))/(-1 - 92/(-90)). Suppose -30 - 30 = -4*c. Calculate the highest common factor of f and c.
15
Let s = -64 + 95. Suppose s = 5*h - 9. Calculate the highest common factor of 12 and h.
4
Let p = 47 + -26. What is the highest common factor of 3 and p?
3
Suppose -2*p = -7 - 13. Suppose -f + 2 + p = 0. What is the greatest common factor of 12 and f?
12
Suppose 2 + 37 = p. What is the highest common divisor of p and 26?
13
Let o = -32 + 40. Calculate the greatest common factor of o and 20.
4
Suppose 3*s - 692 = -3*f - 128, -4*s = -4*f - 792. Suppose 93 = 2*q - s. Calculate the highest common divisor of q and 13.
13
Suppose -4*y + 3 + 3 = 2*j, 2*y - 12 = 2*j. Suppose 855 = 4*a - g + 178, y*a + 4*g - 484 = 0. What is the highest common factor of 21 and a?
21
Let t = 7 + -2. Suppose 2*p = t*p - 378. Let j be 0 + 12 + (1 - -1). What is the greatest common divisor of j and p?
14
Suppose -5*l + 15*l = 70. Calculate the greatest common divisor of l and 77.
7
Let j be 2/8 - 114/(-24). Suppose 2*u - 23 - 26 = -3*o, -j*u = -2*o - 94. Calculate the greatest common divisor of u and 4.
4
Let k = 38 - 37. What is the greatest common divisor of k and 8?
1
Let r = 3 + 4. Let s be 5/((-1)/1 + 0). Let l(i) = -2*i + 4. Let o be l(s). Calculate the highest common factor of r and o.
7
Suppose 0*w - 470 = -3*w + 4*z, 2*w - z - 310 = 0. Calculate the greatest common factor of w and 28.
14
Suppose -6*m = -0*m - 390. What is the highest common factor of m and 13?
13
Suppose -d - 10 = 4*d. Let a be (-2 + 3)/(d/(-10)). Suppose -3 = 2*k - 33. Calculate the highest common factor of a and k.
5
Suppose 2*d - 1 = -3. Let q be d/(-3) + (-68)/(-12). Calculate the highest common divisor of 60 and q.
6
Let b be (3 + 0)/(1/30). What is the greatest common factor of 10 and b?
10
Suppose -2*t - 17 + 45 = 0. Let p = -278 + 313. Calculate the greatest common factor of p and t.
7
Suppose -p = 3*j - j - 6, -4*p - 2*j = -42. Let i(d) = 16*d - 4. Let y be i(4). What is the greatest common factor of p and y?
12
Let u(q) = q + 6 + 0 + 2*q**2 - 2 - 3. Let r be u(-1). What is the greatest common factor of r and 16?
2
Let r be (15 + -6)/(2/18). Suppose 873 = 3*n + r. What is the highest common divisor of n and 24?
24
Suppose 0 = -2*i + 5*i - 117. Suppose p - 4*p - i = -l, -4*p = 2*l - 88. Calculate the greatest common factor of 14 and l.
14
Let j be 0*2/(-8)*-1. Suppose j = -6*p + 5*p, 5*u - 360 = 2*p. Calculate the greatest common divisor of u and 9.
9
Suppose -2*m + 0*m + 36 = 0. What is the greatest common factor of m and 144?
18
Let a(h) = h**2 - 20*h + 20. Suppose 0 = -3*r + 4*t + 37, 5*r - 2*t + 48 - 133 = 0. Let j be a(r). Calculate the highest common divisor of j and 7.
1
Suppose 3*k - 19 = 2*x, -x - 35 = -5*k + 4*x. Calculate the highest common divisor of k and 45.
5
Suppose -3 + 33 = 5*f. Suppose -a + 0 = 5*d - f, -5*a + d = -4. Calculate the highest common factor of 4 and a.
1
Let d be 25/(-10)*18/(-5). Calculate the highest common factor of 6 and d.
3
Suppose -3*s + 110 - 29 = 0. Suppose -9*q + 10*q = 216. Calculate the highest common factor of s and q.
27
Let k(a) = -a + 4. Let y be k(5). Let j = y - -5. Let r be (1 + 21)/(j/56). What is the greatest common fact